{"id":328,"date":"2017-05-28T21:45:49","date_gmt":"2017-05-28T19:45:49","guid":{"rendered":"http:\/\/utopia-muc.de\/?page_id=328"},"modified":"2022-05-19T14:08:33","modified_gmt":"2022-05-19T12:08:33","slug":"gruppenbesuche","status":"publish","type":"page","link":"https:\/\/utopia-muc.de\/index.php\/abenteuerspielplatz\/unsere-angebote\/gruppenbesuche\/","title":{"rendered":"Gruppenbesuche"},"content":{"rendered":"<p>Gerne k\u00f6nnen Gruppen (bis maximal 15 Kinder) aus p\u00e4dagogischen Einrichtungen, mit vorheriger Anmeldung, den ASP w\u00e4hrend der <a href=\"https:\/\/utopia-muc.de\/index.php\/abenteuerspielplatz\/oeffnungszeiten-asp\/\">\u00d6ffnungszeiten<\/a> besuchen. Diese k\u00f6nnen einfach nur Zeit auf dem Gel\u00e4nde verbringen und nach Absprache auch am ausgeschriebenen Programm teilnehmen.<\/p>\n<p>Um die Aktionen entsprechend vorbereiten zu k\u00f6nnen, sollte der Besuch vorher mit den P\u00e4dagogen*innen des ASP abgesprochen werden.<\/p>\n<p>&nbsp;<\/p>\n","protected":false},"excerpt":{"rendered":"<p>Gerne k\u00f6nnen Gruppen (bis maximal 15 Kinder) aus p\u00e4dagogischen Einrichtungen, mit vorheriger Anmeldung, den ASP w\u00e4hrend der \u00d6ffnungszeiten besuchen. Diese k\u00f6nnen einfach nur Zeit auf dem Gel\u00e4nde verbringen und nach Absprache auch am ausgeschriebenen Programm teilnehmen. Um die Aktionen entsprechend vorbereiten zu k\u00f6nnen, sollte der Besuch vorher mit den P\u00e4dagogen*innen des ASP abgesprochen werden. &nbsp;<\/p>\n","protected":false},"author":4,"featured_media":0,"parent":139,"menu_order":0,"comment_status":"closed","ping_status":"closed","template":"page-templates\/full-width-utopia.php","meta":{"ngg_post_thumbnail":0,"footnotes":""},"class_list":["post-328","page","type-page","status-publish","hentry"],"yoast_head":"<!-- This site is optimized with the Yoast SEO plugin v25.3.1 - https:\/\/yoast.com\/wordpress\/plugins\/seo\/ -->\n<title>Gruppenbesuche - Utopia Ramersdorf | Freizeitst\u00e4tte und Abenteuerspielplatz<\/title>\n<meta name=\"robots\" content=\"index, follow, max-snippet:-1, max-image-preview:large, max-video-preview:-1\" \/>\n<link rel=\"canonical\" href=\"https:\/\/utopia-muc.de\/index.php\/abenteuerspielplatz\/unsere-angebote\/gruppenbesuche\/\" \/>\n<meta property=\"og:locale\" content=\"de_DE\" \/>\n<meta property=\"og:type\" content=\"article\" \/>\n<meta property=\"og:title\" content=\"Gruppenbesuche - Utopia Ramersdorf | Freizeitst\u00e4tte und Abenteuerspielplatz\" \/>\n<meta property=\"og:description\" content=\"Gerne k\u00f6nnen Gruppen (bis maximal 15 Kinder) aus p\u00e4dagogischen Einrichtungen, mit vorheriger Anmeldung, den ASP w\u00e4hrend der \u00d6ffnungszeiten besuchen. Diese k\u00f6nnen einfach nur Zeit auf dem Gel\u00e4nde verbringen und nach Absprache auch am ausgeschriebenen Programm teilnehmen. Um die Aktionen entsprechend vorbereiten zu k\u00f6nnen, sollte der Besuch vorher mit den P\u00e4dagogen*innen des ASP abgesprochen werden. &nbsp;\" \/>\n<meta property=\"og:url\" content=\"https:\/\/utopia-muc.de\/index.php\/abenteuerspielplatz\/unsere-angebote\/gruppenbesuche\/\" \/>\n<meta property=\"og:site_name\" content=\"Utopia Ramersdorf | Freizeitst\u00e4tte und Abenteuerspielplatz\" \/>\n<meta property=\"article:publisher\" content=\"https:\/\/www.facebook.com\/UtopiaRamersdorf\" \/>\n<meta property=\"article:modified_time\" content=\"2022-05-19T12:08:33+00:00\" \/>\n<meta name=\"twitter:card\" content=\"summary_large_image\" \/>\n<meta name=\"twitter:label1\" content=\"Gesch\u00e4tzte Lesezeit\" \/>\n\t<meta name=\"twitter:data1\" content=\"1\u00a0Minute\" \/>\n<script type=\"application\/ld+json\" class=\"yoast-schema-graph\">{\"@context\":\"https:\/\/schema.org\",\"@graph\":[{\"@type\":\"WebPage\",\"@id\":\"https:\/\/utopia-muc.de\/index.php\/abenteuerspielplatz\/unsere-angebote\/gruppenbesuche\/\",\"url\":\"https:\/\/utopia-muc.de\/index.php\/abenteuerspielplatz\/unsere-angebote\/gruppenbesuche\/\",\"name\":\"Gruppenbesuche - Utopia Ramersdorf | Freizeitst\u00e4tte und Abenteuerspielplatz\",\"isPartOf\":{\"@id\":\"https:\/\/utopia-muc.de\/#website\"},\"datePublished\":\"2017-05-28T19:45:49+00:00\",\"dateModified\":\"2022-05-19T12:08:33+00:00\",\"breadcrumb\":{\"@id\":\"https:\/\/utopia-muc.de\/index.php\/abenteuerspielplatz\/unsere-angebote\/gruppenbesuche\/#breadcrumb\"},\"inLanguage\":\"de\",\"potentialAction\":[{\"@type\":\"ReadAction\",\"target\":[\"https:\/\/utopia-muc.de\/index.php\/abenteuerspielplatz\/unsere-angebote\/gruppenbesuche\/\"]}]},{\"@type\":\"BreadcrumbList\",\"@id\":\"https:\/\/utopia-muc.de\/index.php\/abenteuerspielplatz\/unsere-angebote\/gruppenbesuche\/#breadcrumb\",\"itemListElement\":[{\"@type\":\"ListItem\",\"position\":1,\"name\":\"Startseite\",\"item\":\"https:\/\/utopia-muc.de\/\"},{\"@type\":\"ListItem\",\"position\":2,\"name\":\"Unser Abenteuerspielplatz\",\"item\":\"https:\/\/utopia-muc.de\/index.php\/abenteuerspielplatz\/\"},{\"@type\":\"ListItem\",\"position\":3,\"name\":\"Unsere Angebote\",\"item\":\"https:\/\/utopia-muc.de\/index.php\/abenteuerspielplatz\/unsere-angebote\/\"},{\"@type\":\"ListItem\",\"position\":4,\"name\":\"Gruppenbesuche\"}]},{\"@type\":\"WebSite\",\"@id\":\"https:\/\/utopia-muc.de\/#website\",\"url\":\"https:\/\/utopia-muc.de\/\",\"name\":\"Utopia Ramersdorf | Freizeitst\u00e4tte und Abenteuerspielplatz\",\"description\":\"Vorgestellt wird das Utopia Ramersdorf,  Freizeitst\u00e4tte und Abenteuerspielplatz in M\u00fcnchen-Ramersdorf\",\"potentialAction\":[{\"@type\":\"SearchAction\",\"target\":{\"@type\":\"EntryPoint\",\"urlTemplate\":\"https:\/\/utopia-muc.de\/?s={search_term_string}\"},\"query-input\":{\"@type\":\"PropertyValueSpecification\",\"valueRequired\":true,\"valueName\":\"search_term_string\"}}],\"inLanguage\":\"de\"}]}<\/script>\n<!-- \/ Yoast SEO plugin. -->","yoast_head_json":{"title":"Gruppenbesuche - Utopia Ramersdorf | Freizeitst\u00e4tte und Abenteuerspielplatz","robots":{"index":"index","follow":"follow","max-snippet":"max-snippet:-1","max-image-preview":"max-image-preview:large","max-video-preview":"max-video-preview:-1"},"canonical":"https:\/\/utopia-muc.de\/index.php\/abenteuerspielplatz\/unsere-angebote\/gruppenbesuche\/","og_locale":"de_DE","og_type":"article","og_title":"Gruppenbesuche - Utopia Ramersdorf | Freizeitst\u00e4tte und Abenteuerspielplatz","og_description":"Gerne k\u00f6nnen Gruppen (bis maximal 15 Kinder) aus p\u00e4dagogischen Einrichtungen, mit vorheriger Anmeldung, den ASP w\u00e4hrend der \u00d6ffnungszeiten besuchen. Diese k\u00f6nnen einfach nur Zeit auf dem Gel\u00e4nde verbringen und nach Absprache auch am ausgeschriebenen Programm teilnehmen. Um die Aktionen entsprechend vorbereiten zu k\u00f6nnen, sollte der Besuch vorher mit den P\u00e4dagogen*innen des ASP abgesprochen werden. &nbsp;","og_url":"https:\/\/utopia-muc.de\/index.php\/abenteuerspielplatz\/unsere-angebote\/gruppenbesuche\/","og_site_name":"Utopia Ramersdorf | Freizeitst\u00e4tte und Abenteuerspielplatz","article_publisher":"https:\/\/www.facebook.com\/UtopiaRamersdorf","article_modified_time":"2022-05-19T12:08:33+00:00","twitter_card":"summary_large_image","twitter_misc":{"Gesch\u00e4tzte Lesezeit":"1\u00a0Minute"},"schema":{"@context":"https:\/\/schema.org","@graph":[{"@type":"WebPage","@id":"https:\/\/utopia-muc.de\/index.php\/abenteuerspielplatz\/unsere-angebote\/gruppenbesuche\/","url":"https:\/\/utopia-muc.de\/index.php\/abenteuerspielplatz\/unsere-angebote\/gruppenbesuche\/","name":"Gruppenbesuche - Utopia Ramersdorf | Freizeitst\u00e4tte und Abenteuerspielplatz","isPartOf":{"@id":"https:\/\/utopia-muc.de\/#website"},"datePublished":"2017-05-28T19:45:49+00:00","dateModified":"2022-05-19T12:08:33+00:00","breadcrumb":{"@id":"https:\/\/utopia-muc.de\/index.php\/abenteuerspielplatz\/unsere-angebote\/gruppenbesuche\/#breadcrumb"},"inLanguage":"de","potentialAction":[{"@type":"ReadAction","target":["https:\/\/utopia-muc.de\/index.php\/abenteuerspielplatz\/unsere-angebote\/gruppenbesuche\/"]}]},{"@type":"BreadcrumbList","@id":"https:\/\/utopia-muc.de\/index.php\/abenteuerspielplatz\/unsere-angebote\/gruppenbesuche\/#breadcrumb","itemListElement":[{"@type":"ListItem","position":1,"name":"Startseite","item":"https:\/\/utopia-muc.de\/"},{"@type":"ListItem","position":2,"name":"Unser Abenteuerspielplatz","item":"https:\/\/utopia-muc.de\/index.php\/abenteuerspielplatz\/"},{"@type":"ListItem","position":3,"name":"Unsere Angebote","item":"https:\/\/utopia-muc.de\/index.php\/abenteuerspielplatz\/unsere-angebote\/"},{"@type":"ListItem","position":4,"name":"Gruppenbesuche"}]},{"@type":"WebSite","@id":"https:\/\/utopia-muc.de\/#website","url":"https:\/\/utopia-muc.de\/","name":"Utopia Ramersdorf | Freizeitst\u00e4tte und Abenteuerspielplatz","description":"Vorgestellt wird das Utopia Ramersdorf,  Freizeitst\u00e4tte und Abenteuerspielplatz in M\u00fcnchen-Ramersdorf","potentialAction":[{"@type":"SearchAction","target":{"@type":"EntryPoint","urlTemplate":"https:\/\/utopia-muc.de\/?s={search_term_string}"},"query-input":{"@type":"PropertyValueSpecification","valueRequired":true,"valueName":"search_term_string"}}],"inLanguage":"de"}]}},"featured_image_src":null,"featured_image_src_square":null,"_links":{"self":[{"href":"https:\/\/utopia-muc.de\/index.php\/wp-json\/wp\/v2\/pages\/328","targetHints":{"allow":["GET"]}}],"collection":[{"href":"https:\/\/utopia-muc.de\/index.php\/wp-json\/wp\/v2\/pages"}],"about":[{"href":"https:\/\/utopia-muc.de\/index.php\/wp-json\/wp\/v2\/types\/page"}],"author":[{"embeddable":true,"href":"https:\/\/utopia-muc.de\/index.php\/wp-json\/wp\/v2\/users\/4"}],"replies":[{"embeddable":true,"href":"https:\/\/utopia-muc.de\/index.php\/wp-json\/wp\/v2\/comments?post=328"}],"version-history":[{"count":5,"href":"https:\/\/utopia-muc.de\/index.php\/wp-json\/wp\/v2\/pages\/328\/revisions"}],"predecessor-version":[{"id":3180,"href":"https:\/\/utopia-muc.de\/index.php\/wp-json\/wp\/v2\/pages\/328\/revisions\/3180"}],"up":[{"embeddable":true,"href":"https:\/\/utopia-muc.de\/index.php\/wp-json\/wp\/v2\/pages\/139"}],"wp:attachment":[{"href":"https:\/\/utopia-muc.de\/index.php\/wp-json\/wp\/v2\/media?parent=328"}],"curies":[{"name":"wp","href":"https:\/\/api.w.org\/{rel}","templated":true}]}}