{"id":324,"date":"2017-05-28T21:42:21","date_gmt":"2017-05-28T19:42:21","guid":{"rendered":"http:\/\/utopia-muc.de\/?page_id=324"},"modified":"2024-03-08T13:33:18","modified_gmt":"2024-03-08T12:33:18","slug":"schulkooperationen","status":"publish","type":"page","link":"https:\/\/utopia-muc.de\/index.php\/abenteuerspielplatz\/unsere-angebote\/schulkooperationen\/","title":{"rendered":"Schulklassenprojekte"},"content":{"rendered":"\n<p><strong>Liebe Lehrer und Lehrerinnen,<\/strong><\/p>\n\n\n\n<p><strong>wir k\u00f6nnen leider immer noch keine Schulklassenprojekte durchf\u00fchren.<\/strong><\/p>\n\n\n\n<p><strong>Euer ASP-Team<\/strong><\/p>\n\n\n\n<div style=\"text-align:center\" class=\"wp-block-atomic-blocks-ab-button ab-block-button\"><a href=\"https:\/\/utopia-muc.de\/index.php\/kontakt\/\" target=\"_blank\" rel=\"noopener noreferrer\" class=\"ab-button ab-button-shape-circular ab-button-size-medium\" style=\"color:#fcb900;background-color:#000000\">Schulklassenprojekte buchen<\/a><\/div>\n\n\n<p>In einem Schulklassenprojekt kann eine ganze Klasse (1. &#8211; 6. Jgs.) einen Vormittag auf dem Abenteuerspielplatz verbringen und dabei unter Anleitung von zwei Utopia-P\u00e4dagogInnen ein ASP-typisches Projekt bearbeiten. M\u00f6glich ist fast alles, von Tieren oder Buchstaben aus Holz, Holzschiffen, Filzen oder Kerzengie\u00dfen bis hin zu Lagerfeuer und Stockbrot.<\/p>\n<p><img loading=\"lazy\" decoding=\"async\" class=\"size-medium wp-image-359 alignnone\" src=\"https:\/\/utopia-muc.de\/wp-content\/uploads\/2017\/05\/IMG_2251-300x200.jpg\" alt=\"\" width=\"300\" height=\"200\"><img loading=\"lazy\" decoding=\"async\" class=\"size-medium wp-image-361 alignright\" src=\"https:\/\/utopia-muc.de\/wp-content\/uploads\/2017\/05\/IMG_3888-300x200.jpg\" alt=\"\" width=\"300\" height=\"200\"><\/p>\n<p>Neben der Aktion ist viel Zeit f\u00fcr Spielen und Toben auf dem Abenteuerspielplatz.<\/p>\n<p>Schulklassenprojekte k\u00f6nnen immer Dienstag oder Donnerstag Vormittag angeboten werden und umfassen drei bis vier Stunden.<\/p>\n<p>Ein Schulklassenprojekt kostet pro Kind 1,50 \u20ac.<\/p>\n<p>Gerne greifen wir auch Ihre Ideen und W\u00fcnsche auf, gehen auf schulbezogene Themenwochen ein oder \u00fcberlegen uns etwas passend zur Jahreszeit.<\/p>\n<p>&nbsp;<\/p>","protected":false},"excerpt":{"rendered":"<p>Liebe Lehrer und Lehrerinnen, wir k\u00f6nnen leider immer noch keine Schulklassenprojekte durchf\u00fchren. Euer ASP-Team In einem Schulklassenprojekt kann eine ganze Klasse (1. &#8211; 6. Jgs.) einen Vormittag auf dem Abenteuerspielplatz verbringen und dabei unter Anleitung von zwei Utopia-P\u00e4dagogInnen ein ASP-typisches Projekt bearbeiten. M\u00f6glich ist fast alles, von Tieren oder Buchstaben aus Holz, Holzschiffen, Filzen oder Kerzengie\u00dfen bis hin zu Lagerfeuer und Stockbrot. Neben der Aktion &hellip; <a href=\"https:\/\/utopia-muc.de\/index.php\/abenteuerspielplatz\/unsere-angebote\/schulkooperationen\/\" class=\"more-link\">Continue reading <span class=\"screen-reader-text\">Schulklassenprojekte<\/span> <span class=\"meta-nav\">&raquo;<\/span><\/a><\/p>\n","protected":false},"author":4,"featured_media":0,"parent":139,"menu_order":0,"comment_status":"closed","ping_status":"closed","template":"page-templates\/full-width-utopia.php","meta":{"ngg_post_thumbnail":0,"footnotes":""},"class_list":["post-324","page","type-page","status-publish","hentry"],"yoast_head":"<!-- This site is optimized with the Yoast SEO plugin v25.3.1 - https:\/\/yoast.com\/wordpress\/plugins\/seo\/ -->\n<title>Schulklassenprojekte - Utopia Ramersdorf | Freizeitst\u00e4tte und Abenteuerspielplatz<\/title>\n<meta name=\"robots\" content=\"index, follow, max-snippet:-1, max-image-preview:large, max-video-preview:-1\" \/>\n<link rel=\"canonical\" href=\"https:\/\/utopia-muc.de\/index.php\/abenteuerspielplatz\/unsere-angebote\/schulkooperationen\/\" \/>\n<meta property=\"og:locale\" content=\"de_DE\" \/>\n<meta property=\"og:type\" content=\"article\" \/>\n<meta property=\"og:title\" content=\"Schulklassenprojekte - Utopia Ramersdorf | Freizeitst\u00e4tte und Abenteuerspielplatz\" \/>\n<meta property=\"og:description\" content=\"Liebe Lehrer und Lehrerinnen, wir k\u00f6nnen leider immer noch keine Schulklassenprojekte durchf\u00fchren. Euer ASP-Team In einem Schulklassenprojekt kann eine ganze Klasse (1. &#8211; 6. Jgs.) einen Vormittag auf dem Abenteuerspielplatz verbringen und dabei unter Anleitung von zwei Utopia-P\u00e4dagogInnen ein ASP-typisches Projekt bearbeiten. M\u00f6glich ist fast alles, von Tieren oder Buchstaben aus Holz, Holzschiffen, Filzen oder Kerzengie\u00dfen bis hin zu Lagerfeuer und Stockbrot. Neben der Aktion &hellip; Continue reading Schulklassenprojekte &raquo;\" \/>\n<meta property=\"og:url\" content=\"https:\/\/utopia-muc.de\/index.php\/abenteuerspielplatz\/unsere-angebote\/schulkooperationen\/\" \/>\n<meta property=\"og:site_name\" content=\"Utopia Ramersdorf | Freizeitst\u00e4tte und Abenteuerspielplatz\" \/>\n<meta property=\"article:publisher\" content=\"https:\/\/www.facebook.com\/UtopiaRamersdorf\" \/>\n<meta property=\"article:modified_time\" content=\"2024-03-08T12:33:18+00:00\" \/>\n<meta property=\"og:image\" content=\"https:\/\/utopia-muc.de\/wp-content\/uploads\/2017\/05\/IMG_2251-300x200.jpg\" \/>\n<meta name=\"twitter:card\" content=\"summary_large_image\" \/>\n<meta name=\"twitter:label1\" content=\"Gesch\u00e4tzte Lesezeit\" \/>\n\t<meta name=\"twitter:data1\" content=\"2\u00a0Minuten\" \/>\n<script type=\"application\/ld+json\" class=\"yoast-schema-graph\">{\"@context\":\"https:\/\/schema.org\",\"@graph\":[{\"@type\":\"WebPage\",\"@id\":\"https:\/\/utopia-muc.de\/index.php\/abenteuerspielplatz\/unsere-angebote\/schulkooperationen\/\",\"url\":\"https:\/\/utopia-muc.de\/index.php\/abenteuerspielplatz\/unsere-angebote\/schulkooperationen\/\",\"name\":\"Schulklassenprojekte - Utopia Ramersdorf | Freizeitst\u00e4tte und Abenteuerspielplatz\",\"isPartOf\":{\"@id\":\"https:\/\/utopia-muc.de\/#website\"},\"primaryImageOfPage\":{\"@id\":\"https:\/\/utopia-muc.de\/index.php\/abenteuerspielplatz\/unsere-angebote\/schulkooperationen\/#primaryimage\"},\"image\":{\"@id\":\"https:\/\/utopia-muc.de\/index.php\/abenteuerspielplatz\/unsere-angebote\/schulkooperationen\/#primaryimage\"},\"thumbnailUrl\":\"https:\/\/utopia-muc.de\/wp-content\/uploads\/2017\/05\/IMG_2251-300x200.jpg\",\"datePublished\":\"2017-05-28T19:42:21+00:00\",\"dateModified\":\"2024-03-08T12:33:18+00:00\",\"breadcrumb\":{\"@id\":\"https:\/\/utopia-muc.de\/index.php\/abenteuerspielplatz\/unsere-angebote\/schulkooperationen\/#breadcrumb\"},\"inLanguage\":\"de\",\"potentialAction\":[{\"@type\":\"ReadAction\",\"target\":[\"https:\/\/utopia-muc.de\/index.php\/abenteuerspielplatz\/unsere-angebote\/schulkooperationen\/\"]}]},{\"@type\":\"ImageObject\",\"inLanguage\":\"de\",\"@id\":\"https:\/\/utopia-muc.de\/index.php\/abenteuerspielplatz\/unsere-angebote\/schulkooperationen\/#primaryimage\",\"url\":\"https:\/\/utopia-muc.de\/wp-content\/uploads\/2017\/05\/IMG_2251-300x200.jpg\",\"contentUrl\":\"https:\/\/utopia-muc.de\/wp-content\/uploads\/2017\/05\/IMG_2251-300x200.jpg\"},{\"@type\":\"BreadcrumbList\",\"@id\":\"https:\/\/utopia-muc.de\/index.php\/abenteuerspielplatz\/unsere-angebote\/schulkooperationen\/#breadcrumb\",\"itemListElement\":[{\"@type\":\"ListItem\",\"position\":1,\"name\":\"Startseite\",\"item\":\"https:\/\/utopia-muc.de\/\"},{\"@type\":\"ListItem\",\"position\":2,\"name\":\"Unser Abenteuerspielplatz\",\"item\":\"https:\/\/utopia-muc.de\/index.php\/abenteuerspielplatz\/\"},{\"@type\":\"ListItem\",\"position\":3,\"name\":\"Unsere Angebote\",\"item\":\"https:\/\/utopia-muc.de\/index.php\/abenteuerspielplatz\/unsere-angebote\/\"},{\"@type\":\"ListItem\",\"position\":4,\"name\":\"Schulklassenprojekte\"}]},{\"@type\":\"WebSite\",\"@id\":\"https:\/\/utopia-muc.de\/#website\",\"url\":\"https:\/\/utopia-muc.de\/\",\"name\":\"Utopia Ramersdorf | Freizeitst\u00e4tte und Abenteuerspielplatz\",\"description\":\"Vorgestellt wird das Utopia Ramersdorf,  Freizeitst\u00e4tte und Abenteuerspielplatz in M\u00fcnchen-Ramersdorf\",\"potentialAction\":[{\"@type\":\"SearchAction\",\"target\":{\"@type\":\"EntryPoint\",\"urlTemplate\":\"https:\/\/utopia-muc.de\/?s={search_term_string}\"},\"query-input\":{\"@type\":\"PropertyValueSpecification\",\"valueRequired\":true,\"valueName\":\"search_term_string\"}}],\"inLanguage\":\"de\"}]}<\/script>\n<!-- \/ Yoast SEO plugin. -->","yoast_head_json":{"title":"Schulklassenprojekte - Utopia Ramersdorf | Freizeitst\u00e4tte und Abenteuerspielplatz","robots":{"index":"index","follow":"follow","max-snippet":"max-snippet:-1","max-image-preview":"max-image-preview:large","max-video-preview":"max-video-preview:-1"},"canonical":"https:\/\/utopia-muc.de\/index.php\/abenteuerspielplatz\/unsere-angebote\/schulkooperationen\/","og_locale":"de_DE","og_type":"article","og_title":"Schulklassenprojekte - Utopia Ramersdorf | Freizeitst\u00e4tte und Abenteuerspielplatz","og_description":"Liebe Lehrer und Lehrerinnen, wir k\u00f6nnen leider immer noch keine Schulklassenprojekte durchf\u00fchren. Euer ASP-Team In einem Schulklassenprojekt kann eine ganze Klasse (1. &#8211; 6. Jgs.) einen Vormittag auf dem Abenteuerspielplatz verbringen und dabei unter Anleitung von zwei Utopia-P\u00e4dagogInnen ein ASP-typisches Projekt bearbeiten. M\u00f6glich ist fast alles, von Tieren oder Buchstaben aus Holz, Holzschiffen, Filzen oder Kerzengie\u00dfen bis hin zu Lagerfeuer und Stockbrot. Neben der Aktion &hellip; Continue reading Schulklassenprojekte &raquo;","og_url":"https:\/\/utopia-muc.de\/index.php\/abenteuerspielplatz\/unsere-angebote\/schulkooperationen\/","og_site_name":"Utopia Ramersdorf | Freizeitst\u00e4tte und Abenteuerspielplatz","article_publisher":"https:\/\/www.facebook.com\/UtopiaRamersdorf","article_modified_time":"2024-03-08T12:33:18+00:00","og_image":[{"url":"https:\/\/utopia-muc.de\/wp-content\/uploads\/2017\/05\/IMG_2251-300x200.jpg","type":"","width":"","height":""}],"twitter_card":"summary_large_image","twitter_misc":{"Gesch\u00e4tzte Lesezeit":"2\u00a0Minuten"},"schema":{"@context":"https:\/\/schema.org","@graph":[{"@type":"WebPage","@id":"https:\/\/utopia-muc.de\/index.php\/abenteuerspielplatz\/unsere-angebote\/schulkooperationen\/","url":"https:\/\/utopia-muc.de\/index.php\/abenteuerspielplatz\/unsere-angebote\/schulkooperationen\/","name":"Schulklassenprojekte - Utopia Ramersdorf | Freizeitst\u00e4tte und Abenteuerspielplatz","isPartOf":{"@id":"https:\/\/utopia-muc.de\/#website"},"primaryImageOfPage":{"@id":"https:\/\/utopia-muc.de\/index.php\/abenteuerspielplatz\/unsere-angebote\/schulkooperationen\/#primaryimage"},"image":{"@id":"https:\/\/utopia-muc.de\/index.php\/abenteuerspielplatz\/unsere-angebote\/schulkooperationen\/#primaryimage"},"thumbnailUrl":"https:\/\/utopia-muc.de\/wp-content\/uploads\/2017\/05\/IMG_2251-300x200.jpg","datePublished":"2017-05-28T19:42:21+00:00","dateModified":"2024-03-08T12:33:18+00:00","breadcrumb":{"@id":"https:\/\/utopia-muc.de\/index.php\/abenteuerspielplatz\/unsere-angebote\/schulkooperationen\/#breadcrumb"},"inLanguage":"de","potentialAction":[{"@type":"ReadAction","target":["https:\/\/utopia-muc.de\/index.php\/abenteuerspielplatz\/unsere-angebote\/schulkooperationen\/"]}]},{"@type":"ImageObject","inLanguage":"de","@id":"https:\/\/utopia-muc.de\/index.php\/abenteuerspielplatz\/unsere-angebote\/schulkooperationen\/#primaryimage","url":"https:\/\/utopia-muc.de\/wp-content\/uploads\/2017\/05\/IMG_2251-300x200.jpg","contentUrl":"https:\/\/utopia-muc.de\/wp-content\/uploads\/2017\/05\/IMG_2251-300x200.jpg"},{"@type":"BreadcrumbList","@id":"https:\/\/utopia-muc.de\/index.php\/abenteuerspielplatz\/unsere-angebote\/schulkooperationen\/#breadcrumb","itemListElement":[{"@type":"ListItem","position":1,"name":"Startseite","item":"https:\/\/utopia-muc.de\/"},{"@type":"ListItem","position":2,"name":"Unser Abenteuerspielplatz","item":"https:\/\/utopia-muc.de\/index.php\/abenteuerspielplatz\/"},{"@type":"ListItem","position":3,"name":"Unsere Angebote","item":"https:\/\/utopia-muc.de\/index.php\/abenteuerspielplatz\/unsere-angebote\/"},{"@type":"ListItem","position":4,"name":"Schulklassenprojekte"}]},{"@type":"WebSite","@id":"https:\/\/utopia-muc.de\/#website","url":"https:\/\/utopia-muc.de\/","name":"Utopia Ramersdorf | Freizeitst\u00e4tte und Abenteuerspielplatz","description":"Vorgestellt wird das Utopia Ramersdorf,  Freizeitst\u00e4tte und Abenteuerspielplatz in M\u00fcnchen-Ramersdorf","potentialAction":[{"@type":"SearchAction","target":{"@type":"EntryPoint","urlTemplate":"https:\/\/utopia-muc.de\/?s={search_term_string}"},"query-input":{"@type":"PropertyValueSpecification","valueRequired":true,"valueName":"search_term_string"}}],"inLanguage":"de"}]}},"featured_image_src":null,"featured_image_src_square":null,"_links":{"self":[{"href":"https:\/\/utopia-muc.de\/index.php\/wp-json\/wp\/v2\/pages\/324","targetHints":{"allow":["GET"]}}],"collection":[{"href":"https:\/\/utopia-muc.de\/index.php\/wp-json\/wp\/v2\/pages"}],"about":[{"href":"https:\/\/utopia-muc.de\/index.php\/wp-json\/wp\/v2\/types\/page"}],"author":[{"embeddable":true,"href":"https:\/\/utopia-muc.de\/index.php\/wp-json\/wp\/v2\/users\/4"}],"replies":[{"embeddable":true,"href":"https:\/\/utopia-muc.de\/index.php\/wp-json\/wp\/v2\/comments?post=324"}],"version-history":[{"count":12,"href":"https:\/\/utopia-muc.de\/index.php\/wp-json\/wp\/v2\/pages\/324\/revisions"}],"predecessor-version":[{"id":3751,"href":"https:\/\/utopia-muc.de\/index.php\/wp-json\/wp\/v2\/pages\/324\/revisions\/3751"}],"up":[{"embeddable":true,"href":"https:\/\/utopia-muc.de\/index.php\/wp-json\/wp\/v2\/pages\/139"}],"wp:attachment":[{"href":"https:\/\/utopia-muc.de\/index.php\/wp-json\/wp\/v2\/media?parent=324"}],"curies":[{"name":"wp","href":"https:\/\/api.w.org\/{rel}","templated":true}]}}