{"id":268,"date":"2017-05-24T12:50:37","date_gmt":"2017-05-24T10:50:37","guid":{"rendered":"http:\/\/utopia-muc.de\/?page_id=268"},"modified":"2024-04-16T13:53:31","modified_gmt":"2024-04-16T11:53:31","slug":"oeffnungszeiten-asp","status":"publish","type":"page","link":"https:\/\/utopia-muc.de\/index.php\/abenteuerspielplatz\/oeffnungszeiten-asp\/","title":{"rendered":"\u00d6ffnungszeiten ASP"},"content":{"rendered":"<p style=\"text-align: center;\"><strong><img loading=\"lazy\" decoding=\"async\" class=\"size-medium wp-image-347 alignright\" src=\"https:\/\/utopia-muc.de\/wp-content\/uploads\/2017\/05\/IMG_5539-e1498135237182-300x200.jpg\" alt=\"\" width=\"300\" height=\"200\"><\/strong><\/p>\n<p style=\"text-align: center;\">Wir freuen uns \u00fcber deinen Besuch:<\/p>\n<h3 style=\"text-align: center;\"><strong data-rich-text-format-boundary=\"true\">Dienstag bis Freitag<\/strong> <br data-rich-text-line-break=\"true\"><strong>von<br data-rich-text-line-break=\"true\">14:00 bis 18:00 Uhr<\/strong><\/h3>\n\n\n<p class=\"has-text-align-center\">Die <strong>Ferien\u00f6ffnungszeiten<\/strong> findet ihr im aktuellen <a href=\"https:\/\/utopia-muc.de\/index.php\/abenteuerspielplatz\/programm\/\">Programm<\/a>.<\/p>\n\n\n\n<ul class=\"wp-block-list\">\n<li>Ihr k\u00f6nnt uns wieder zu unseren gewohnten \u00d6ffnungszeiten besuchen kommen.<\/li>\n\n\n\n<li>Ihr k\u00f6nnt ohne Anmeldung vorbeikommen.<\/li>\n\n\n\n<li>Bei eurem ersten Besuch m\u00fcssen wir einmalig die Kontaktdaten erfassen. Die Daten werden in unsere Kinderkartei aufgenommen und werden dort f\u00fcr den generellen Notfall und im Speziellen auch f\u00fcr die Nachvollziehbarkeit von Infektionsketten aufgenommen.<\/li>\n<\/ul>\n\n\n\n<p>Bei Fragen k\u00f6nnt ihr uns w\u00e4rend der \u00d6ffnungszeiten unter der <strong>ASP-Nummer 089\/45240042<\/strong> erreichen.<\/p>\n","protected":false},"excerpt":{"rendered":"<p>Wir freuen uns \u00fcber deinen Besuch: Dienstag bis Freitag von14:00 bis 18:00 Uhr Die Ferien\u00f6ffnungszeiten findet ihr im aktuellen Programm. Bei Fragen k\u00f6nnt ihr uns w\u00e4rend der \u00d6ffnungszeiten unter der ASP-Nummer 089\/45240042 erreichen.<\/p>\n","protected":false},"author":4,"featured_media":0,"parent":122,"menu_order":0,"comment_status":"closed","ping_status":"closed","template":"page-templates\/full-width-utopia.php","meta":{"ngg_post_thumbnail":0,"footnotes":""},"class_list":["post-268","page","type-page","status-publish","hentry"],"yoast_head":"<!-- This site is optimized with the Yoast SEO plugin v25.3.1 - https:\/\/yoast.com\/wordpress\/plugins\/seo\/ -->\n<title>\u00d6ffnungszeiten ASP - Utopia Ramersdorf | Freizeitst\u00e4tte und Abenteuerspielplatz<\/title>\n<meta name=\"robots\" content=\"index, follow, max-snippet:-1, max-image-preview:large, max-video-preview:-1\" \/>\n<link rel=\"canonical\" href=\"https:\/\/utopia-muc.de\/index.php\/abenteuerspielplatz\/oeffnungszeiten-asp\/\" \/>\n<meta property=\"og:locale\" content=\"de_DE\" \/>\n<meta property=\"og:type\" content=\"article\" \/>\n<meta property=\"og:title\" content=\"\u00d6ffnungszeiten ASP - Utopia Ramersdorf | Freizeitst\u00e4tte und Abenteuerspielplatz\" \/>\n<meta property=\"og:description\" content=\"Wir freuen uns \u00fcber deinen Besuch: Dienstag bis Freitag von14:00 bis 18:00 Uhr Die Ferien\u00f6ffnungszeiten findet ihr im aktuellen Programm. Bei Fragen k\u00f6nnt ihr uns w\u00e4rend der \u00d6ffnungszeiten unter der ASP-Nummer 089\/45240042 erreichen.\" \/>\n<meta property=\"og:url\" content=\"https:\/\/utopia-muc.de\/index.php\/abenteuerspielplatz\/oeffnungszeiten-asp\/\" \/>\n<meta property=\"og:site_name\" content=\"Utopia Ramersdorf | Freizeitst\u00e4tte und Abenteuerspielplatz\" \/>\n<meta property=\"article:publisher\" content=\"https:\/\/www.facebook.com\/UtopiaRamersdorf\" \/>\n<meta property=\"article:modified_time\" content=\"2024-04-16T11:53:31+00:00\" \/>\n<meta property=\"og:image\" content=\"https:\/\/utopia-muc.de\/wp-content\/uploads\/2017\/05\/IMG_5539-e1498135237182-300x200.jpg\" \/>\n<meta name=\"twitter:card\" content=\"summary_large_image\" \/>\n<meta name=\"twitter:label1\" content=\"Gesch\u00e4tzte Lesezeit\" \/>\n\t<meta name=\"twitter:data1\" content=\"1\u00a0Minute\" \/>\n<script type=\"application\/ld+json\" class=\"yoast-schema-graph\">{\"@context\":\"https:\/\/schema.org\",\"@graph\":[{\"@type\":\"WebPage\",\"@id\":\"https:\/\/utopia-muc.de\/index.php\/abenteuerspielplatz\/oeffnungszeiten-asp\/\",\"url\":\"https:\/\/utopia-muc.de\/index.php\/abenteuerspielplatz\/oeffnungszeiten-asp\/\",\"name\":\"\u00d6ffnungszeiten ASP - Utopia Ramersdorf | Freizeitst\u00e4tte und Abenteuerspielplatz\",\"isPartOf\":{\"@id\":\"https:\/\/utopia-muc.de\/#website\"},\"primaryImageOfPage\":{\"@id\":\"https:\/\/utopia-muc.de\/index.php\/abenteuerspielplatz\/oeffnungszeiten-asp\/#primaryimage\"},\"image\":{\"@id\":\"https:\/\/utopia-muc.de\/index.php\/abenteuerspielplatz\/oeffnungszeiten-asp\/#primaryimage\"},\"thumbnailUrl\":\"https:\/\/utopia-muc.de\/wp-content\/uploads\/2017\/05\/IMG_5539-e1498135237182-300x200.jpg\",\"datePublished\":\"2017-05-24T10:50:37+00:00\",\"dateModified\":\"2024-04-16T11:53:31+00:00\",\"breadcrumb\":{\"@id\":\"https:\/\/utopia-muc.de\/index.php\/abenteuerspielplatz\/oeffnungszeiten-asp\/#breadcrumb\"},\"inLanguage\":\"de\",\"potentialAction\":[{\"@type\":\"ReadAction\",\"target\":[\"https:\/\/utopia-muc.de\/index.php\/abenteuerspielplatz\/oeffnungszeiten-asp\/\"]}]},{\"@type\":\"ImageObject\",\"inLanguage\":\"de\",\"@id\":\"https:\/\/utopia-muc.de\/index.php\/abenteuerspielplatz\/oeffnungszeiten-asp\/#primaryimage\",\"url\":\"https:\/\/utopia-muc.de\/wp-content\/uploads\/2017\/05\/IMG_5539-e1498135237182-300x200.jpg\",\"contentUrl\":\"https:\/\/utopia-muc.de\/wp-content\/uploads\/2017\/05\/IMG_5539-e1498135237182-300x200.jpg\"},{\"@type\":\"BreadcrumbList\",\"@id\":\"https:\/\/utopia-muc.de\/index.php\/abenteuerspielplatz\/oeffnungszeiten-asp\/#breadcrumb\",\"itemListElement\":[{\"@type\":\"ListItem\",\"position\":1,\"name\":\"Startseite\",\"item\":\"https:\/\/utopia-muc.de\/\"},{\"@type\":\"ListItem\",\"position\":2,\"name\":\"Unser Abenteuerspielplatz\",\"item\":\"https:\/\/utopia-muc.de\/index.php\/abenteuerspielplatz\/\"},{\"@type\":\"ListItem\",\"position\":3,\"name\":\"\u00d6ffnungszeiten ASP\"}]},{\"@type\":\"WebSite\",\"@id\":\"https:\/\/utopia-muc.de\/#website\",\"url\":\"https:\/\/utopia-muc.de\/\",\"name\":\"Utopia Ramersdorf | Freizeitst\u00e4tte und Abenteuerspielplatz\",\"description\":\"Vorgestellt wird das Utopia Ramersdorf,  Freizeitst\u00e4tte und Abenteuerspielplatz in M\u00fcnchen-Ramersdorf\",\"potentialAction\":[{\"@type\":\"SearchAction\",\"target\":{\"@type\":\"EntryPoint\",\"urlTemplate\":\"https:\/\/utopia-muc.de\/?s={search_term_string}\"},\"query-input\":{\"@type\":\"PropertyValueSpecification\",\"valueRequired\":true,\"valueName\":\"search_term_string\"}}],\"inLanguage\":\"de\"}]}<\/script>\n<!-- \/ Yoast SEO plugin. -->","yoast_head_json":{"title":"\u00d6ffnungszeiten ASP - Utopia Ramersdorf | Freizeitst\u00e4tte und Abenteuerspielplatz","robots":{"index":"index","follow":"follow","max-snippet":"max-snippet:-1","max-image-preview":"max-image-preview:large","max-video-preview":"max-video-preview:-1"},"canonical":"https:\/\/utopia-muc.de\/index.php\/abenteuerspielplatz\/oeffnungszeiten-asp\/","og_locale":"de_DE","og_type":"article","og_title":"\u00d6ffnungszeiten ASP - Utopia Ramersdorf | Freizeitst\u00e4tte und Abenteuerspielplatz","og_description":"Wir freuen uns \u00fcber deinen Besuch: Dienstag bis Freitag von14:00 bis 18:00 Uhr Die Ferien\u00f6ffnungszeiten findet ihr im aktuellen Programm. Bei Fragen k\u00f6nnt ihr uns w\u00e4rend der \u00d6ffnungszeiten unter der ASP-Nummer 089\/45240042 erreichen.","og_url":"https:\/\/utopia-muc.de\/index.php\/abenteuerspielplatz\/oeffnungszeiten-asp\/","og_site_name":"Utopia Ramersdorf | Freizeitst\u00e4tte und Abenteuerspielplatz","article_publisher":"https:\/\/www.facebook.com\/UtopiaRamersdorf","article_modified_time":"2024-04-16T11:53:31+00:00","og_image":[{"url":"https:\/\/utopia-muc.de\/wp-content\/uploads\/2017\/05\/IMG_5539-e1498135237182-300x200.jpg","type":"","width":"","height":""}],"twitter_card":"summary_large_image","twitter_misc":{"Gesch\u00e4tzte Lesezeit":"1\u00a0Minute"},"schema":{"@context":"https:\/\/schema.org","@graph":[{"@type":"WebPage","@id":"https:\/\/utopia-muc.de\/index.php\/abenteuerspielplatz\/oeffnungszeiten-asp\/","url":"https:\/\/utopia-muc.de\/index.php\/abenteuerspielplatz\/oeffnungszeiten-asp\/","name":"\u00d6ffnungszeiten ASP - Utopia Ramersdorf | Freizeitst\u00e4tte und Abenteuerspielplatz","isPartOf":{"@id":"https:\/\/utopia-muc.de\/#website"},"primaryImageOfPage":{"@id":"https:\/\/utopia-muc.de\/index.php\/abenteuerspielplatz\/oeffnungszeiten-asp\/#primaryimage"},"image":{"@id":"https:\/\/utopia-muc.de\/index.php\/abenteuerspielplatz\/oeffnungszeiten-asp\/#primaryimage"},"thumbnailUrl":"https:\/\/utopia-muc.de\/wp-content\/uploads\/2017\/05\/IMG_5539-e1498135237182-300x200.jpg","datePublished":"2017-05-24T10:50:37+00:00","dateModified":"2024-04-16T11:53:31+00:00","breadcrumb":{"@id":"https:\/\/utopia-muc.de\/index.php\/abenteuerspielplatz\/oeffnungszeiten-asp\/#breadcrumb"},"inLanguage":"de","potentialAction":[{"@type":"ReadAction","target":["https:\/\/utopia-muc.de\/index.php\/abenteuerspielplatz\/oeffnungszeiten-asp\/"]}]},{"@type":"ImageObject","inLanguage":"de","@id":"https:\/\/utopia-muc.de\/index.php\/abenteuerspielplatz\/oeffnungszeiten-asp\/#primaryimage","url":"https:\/\/utopia-muc.de\/wp-content\/uploads\/2017\/05\/IMG_5539-e1498135237182-300x200.jpg","contentUrl":"https:\/\/utopia-muc.de\/wp-content\/uploads\/2017\/05\/IMG_5539-e1498135237182-300x200.jpg"},{"@type":"BreadcrumbList","@id":"https:\/\/utopia-muc.de\/index.php\/abenteuerspielplatz\/oeffnungszeiten-asp\/#breadcrumb","itemListElement":[{"@type":"ListItem","position":1,"name":"Startseite","item":"https:\/\/utopia-muc.de\/"},{"@type":"ListItem","position":2,"name":"Unser Abenteuerspielplatz","item":"https:\/\/utopia-muc.de\/index.php\/abenteuerspielplatz\/"},{"@type":"ListItem","position":3,"name":"\u00d6ffnungszeiten ASP"}]},{"@type":"WebSite","@id":"https:\/\/utopia-muc.de\/#website","url":"https:\/\/utopia-muc.de\/","name":"Utopia Ramersdorf | Freizeitst\u00e4tte und Abenteuerspielplatz","description":"Vorgestellt wird das Utopia Ramersdorf,  Freizeitst\u00e4tte und Abenteuerspielplatz in M\u00fcnchen-Ramersdorf","potentialAction":[{"@type":"SearchAction","target":{"@type":"EntryPoint","urlTemplate":"https:\/\/utopia-muc.de\/?s={search_term_string}"},"query-input":{"@type":"PropertyValueSpecification","valueRequired":true,"valueName":"search_term_string"}}],"inLanguage":"de"}]}},"featured_image_src":null,"featured_image_src_square":null,"_links":{"self":[{"href":"https:\/\/utopia-muc.de\/index.php\/wp-json\/wp\/v2\/pages\/268","targetHints":{"allow":["GET"]}}],"collection":[{"href":"https:\/\/utopia-muc.de\/index.php\/wp-json\/wp\/v2\/pages"}],"about":[{"href":"https:\/\/utopia-muc.de\/index.php\/wp-json\/wp\/v2\/types\/page"}],"author":[{"embeddable":true,"href":"https:\/\/utopia-muc.de\/index.php\/wp-json\/wp\/v2\/users\/4"}],"replies":[{"embeddable":true,"href":"https:\/\/utopia-muc.de\/index.php\/wp-json\/wp\/v2\/comments?post=268"}],"version-history":[{"count":14,"href":"https:\/\/utopia-muc.de\/index.php\/wp-json\/wp\/v2\/pages\/268\/revisions"}],"predecessor-version":[{"id":3804,"href":"https:\/\/utopia-muc.de\/index.php\/wp-json\/wp\/v2\/pages\/268\/revisions\/3804"}],"up":[{"embeddable":true,"href":"https:\/\/utopia-muc.de\/index.php\/wp-json\/wp\/v2\/pages\/122"}],"wp:attachment":[{"href":"https:\/\/utopia-muc.de\/index.php\/wp-json\/wp\/v2\/media?parent=268"}],"curies":[{"name":"wp","href":"https:\/\/api.w.org\/{rel}","templated":true}]}}