{"id":1392,"date":"2019-03-28T12:05:23","date_gmt":"2019-03-28T11:05:23","guid":{"rendered":"http:\/\/utopia-muc.de\/?page_id=1392"},"modified":"2026-05-12T11:59:28","modified_gmt":"2026-05-12T09:59:28","slug":"praktika-und-offene-stellen","status":"publish","type":"page","link":"https:\/\/utopia-muc.de\/index.php\/abenteuerspielplatz\/praktika-und-offene-stellen\/","title":{"rendered":"Praktika und offene Stellen"},"content":{"rendered":"\n<h2 class=\"wp-block-heading\">Duales Studium Soziale Arbeit (B.A.): Ab dem Wintersemester 2026<\/h2>\n\n\n<div class=\"wp-block-image\">\n<figure class=\"aligncenter size-full is-resized\"><a href=\"https:\/\/utopia-muc.de\/wp-content\/uploads\/2026\/05\/Ausschreibung-Duales-Studium.pdf\" target=\"_blank\" rel=\" noreferrer noopener\"><img srcset=\"https:\/\/utopia-muc.de\/wp-content\/uploads\/2026\/05\/Duales-Studium-1_2-18x24.jpg 18w, https:\/\/utopia-muc.de\/wp-content\/uploads\/2026\/05\/Duales-Studium-1_2-26x36.jpg 26w, https:\/\/utopia-muc.de\/wp-content\/uploads\/2026\/05\/Duales-Studium-1_2-35x48.jpg 35w, https:\/\/utopia-muc.de\/wp-content\/uploads\/2026\/05\/Duales-Studium-1_2-150x150.jpg 150w, https:\/\/utopia-muc.de\/wp-content\/uploads\/2026\/05\/Duales-Studium-1_2-220x300.jpg 220w, https:\/\/utopia-muc.de\/wp-content\/uploads\/2026\/05\/Duales-Studium-1_2-600x600.jpg 600w, https:\/\/utopia-muc.de\/wp-content\/uploads\/2026\/05\/Duales-Studium-1_2-600x400.jpg 600w, https:\/\/utopia-muc.de\/wp-content\/uploads\/2026\/05\/Duales-Studium-1_2-600x600.jpg 600w, https:\/\/utopia-muc.de\/wp-content\/uploads\/2026\/05\/Duales-Studium-1_2-600x400.jpg 600w, https:\/\/utopia-muc.de\/wp-content\/uploads\/2026\/05\/Duales-Studium-1_2.jpg 692w\" sizes=\"(min-width: 600px) 692px, (min-width: 600px) 600px, (min-width: 600px) 600px, (min-width: 600px) 600px, (min-width: 220px) 600px, (min-width: 150px) 220px, (min-width: 35px) 150px, (min-width: 26px) 35px, (min-width: 18px) 26px, 18px\" alt=\"\" class=\"wp-image-4430\" style=\"width:692px;height:auto\"><\/a><\/figure><\/div>\n\n<div class=\"wp-block-image\">\n<figure class=\"aligncenter size-full\"><a href=\"https:\/\/utopia-muc.de\/wp-content\/uploads\/2026\/05\/Ausschreibung-Duales-Studium.pdf\" target=\"_blank\" rel=\" noreferrer noopener\"><img srcset=\"https:\/\/utopia-muc.de\/wp-content\/uploads\/2026\/05\/Duales-Studium-2_2-24x8.jpg 24w, https:\/\/utopia-muc.de\/wp-content\/uploads\/2026\/05\/Duales-Studium-2_2-36x12.jpg 36w, https:\/\/utopia-muc.de\/wp-content\/uploads\/2026\/05\/Duales-Studium-2_2-48x16.jpg 48w, https:\/\/utopia-muc.de\/wp-content\/uploads\/2026\/05\/Duales-Studium-2_2-150x150.jpg 150w, https:\/\/utopia-muc.de\/wp-content\/uploads\/2026\/05\/Duales-Studium-2_2-300x102.jpg 300w, https:\/\/utopia-muc.de\/wp-content\/uploads\/2026\/05\/Duales-Studium-2_2-600x235.jpg 600w, https:\/\/utopia-muc.de\/wp-content\/uploads\/2026\/05\/Duales-Studium-2_2-600x235.jpg 600w, https:\/\/utopia-muc.de\/wp-content\/uploads\/2026\/05\/Duales-Studium-2_2-600x235.jpg 600w, https:\/\/utopia-muc.de\/wp-content\/uploads\/2026\/05\/Duales-Studium-2_2-600x235.jpg 600w, https:\/\/utopia-muc.de\/wp-content\/uploads\/2026\/05\/Duales-Studium-2_2.jpg 692w\" sizes=\"(min-width: 600px) 692px, (min-width: 600px) 600px, (min-width: 600px) 600px, (min-width: 600px) 600px, (min-width: 300px) 600px, (min-width: 150px) 300px, (min-width: 48px) 150px, (min-width: 36px) 48px, (min-width: 24px) 36px, 24px\" alt=\"\" class=\"wp-image-4431\"><\/a><\/figure><\/div>\n\n\n<div style=\"color:#32373c;text-align:center;background-color:#00d1b2\" class=\"wp-block-genesis-blocks-gb-notice gb-font-size-18 gb-block-notice\" data-id=\"fb0136\"><div class=\"gb-notice-title\" style=\"color:#fff\"><p>Hier gehts zu den Einzelnen Bereichen<\/p><\/div><div class=\"gb-notice-text\" style=\"border-color:#00d1b2\">\n<p><a href=\"https:\/\/utopia-muc.de\/index.php\/abenteuerspielplatz\/\">Utopia Abenteuerspielplatz<\/a><br><a href=\"https:\/\/utopia-muc.de\/index.php\/freizeitstaette\/\">Utopia Freizeitst\u00e4tte<\/a><br><a href=\"https:\/\/jugendcafe-hochaecker.de\/\">Jugendcafe&#8216; <\/a><\/p>\n<\/div><\/div>\n\n\n\n<p><\/p>\n","protected":false},"excerpt":{"rendered":"<p>Duales Studium Soziale Arbeit (B.A.): Ab dem Wintersemester 2026<\/p>\n","protected":false},"author":4,"featured_media":0,"parent":122,"menu_order":0,"comment_status":"closed","ping_status":"closed","template":"page-templates\/full-width-utopia.php","meta":{"ngg_post_thumbnail":0,"footnotes":""},"class_list":["post-1392","page","type-page","status-publish","hentry"],"yoast_head":"<!-- This site is optimized with the Yoast SEO plugin v25.3.1 - https:\/\/yoast.com\/wordpress\/plugins\/seo\/ -->\n<title>Praktika und offene Stellen - Utopia Ramersdorf | Freizeitst\u00e4tte und Abenteuerspielplatz<\/title>\n<meta name=\"robots\" content=\"index, follow, max-snippet:-1, max-image-preview:large, max-video-preview:-1\" \/>\n<link rel=\"canonical\" href=\"https:\/\/utopia-muc.de\/index.php\/abenteuerspielplatz\/praktika-und-offene-stellen\/\" \/>\n<meta property=\"og:locale\" content=\"de_DE\" \/>\n<meta property=\"og:type\" content=\"article\" \/>\n<meta property=\"og:title\" content=\"Praktika und offene Stellen - Utopia Ramersdorf | Freizeitst\u00e4tte und Abenteuerspielplatz\" \/>\n<meta property=\"og:description\" content=\"Duales Studium Soziale Arbeit (B.A.): Ab dem Wintersemester 2026\" \/>\n<meta property=\"og:url\" content=\"https:\/\/utopia-muc.de\/index.php\/abenteuerspielplatz\/praktika-und-offene-stellen\/\" \/>\n<meta property=\"og:site_name\" content=\"Utopia Ramersdorf | Freizeitst\u00e4tte und Abenteuerspielplatz\" \/>\n<meta property=\"article:publisher\" content=\"https:\/\/www.facebook.com\/UtopiaRamersdorf\" \/>\n<meta property=\"article:modified_time\" content=\"2026-05-12T09:59:28+00:00\" \/>\n<meta property=\"og:image\" content=\"https:\/\/utopia-muc.de\/wp-content\/uploads\/2026\/05\/Duales-Studium-1_2.jpg\" \/>\n\t<meta property=\"og:image:width\" content=\"692\" \/>\n\t<meta property=\"og:image:height\" content=\"943\" \/>\n\t<meta property=\"og:image:type\" content=\"image\/jpeg\" \/>\n<meta name=\"twitter:card\" content=\"summary_large_image\" \/>\n<meta name=\"twitter:label1\" content=\"Gesch\u00e4tzte Lesezeit\" \/>\n\t<meta name=\"twitter:data1\" content=\"1\u00a0Minute\" \/>\n<script type=\"application\/ld+json\" class=\"yoast-schema-graph\">{\"@context\":\"https:\/\/schema.org\",\"@graph\":[{\"@type\":\"WebPage\",\"@id\":\"https:\/\/utopia-muc.de\/index.php\/abenteuerspielplatz\/praktika-und-offene-stellen\/\",\"url\":\"https:\/\/utopia-muc.de\/index.php\/abenteuerspielplatz\/praktika-und-offene-stellen\/\",\"name\":\"Praktika und offene Stellen - Utopia Ramersdorf | Freizeitst\u00e4tte und Abenteuerspielplatz\",\"isPartOf\":{\"@id\":\"https:\/\/utopia-muc.de\/#website\"},\"primaryImageOfPage\":{\"@id\":\"https:\/\/utopia-muc.de\/index.php\/abenteuerspielplatz\/praktika-und-offene-stellen\/#primaryimage\"},\"image\":{\"@id\":\"https:\/\/utopia-muc.de\/index.php\/abenteuerspielplatz\/praktika-und-offene-stellen\/#primaryimage\"},\"thumbnailUrl\":\"https:\/\/utopia-muc.de\/wp-content\/uploads\/2026\/05\/Duales-Studium-1_2.jpg\",\"datePublished\":\"2019-03-28T11:05:23+00:00\",\"dateModified\":\"2026-05-12T09:59:28+00:00\",\"breadcrumb\":{\"@id\":\"https:\/\/utopia-muc.de\/index.php\/abenteuerspielplatz\/praktika-und-offene-stellen\/#breadcrumb\"},\"inLanguage\":\"de\",\"potentialAction\":[{\"@type\":\"ReadAction\",\"target\":[\"https:\/\/utopia-muc.de\/index.php\/abenteuerspielplatz\/praktika-und-offene-stellen\/\"]}]},{\"@type\":\"ImageObject\",\"inLanguage\":\"de\",\"@id\":\"https:\/\/utopia-muc.de\/index.php\/abenteuerspielplatz\/praktika-und-offene-stellen\/#primaryimage\",\"url\":\"https:\/\/utopia-muc.de\/wp-content\/uploads\/2026\/05\/Duales-Studium-1_2.jpg\",\"contentUrl\":\"https:\/\/utopia-muc.de\/wp-content\/uploads\/2026\/05\/Duales-Studium-1_2.jpg\",\"width\":692,\"height\":943},{\"@type\":\"BreadcrumbList\",\"@id\":\"https:\/\/utopia-muc.de\/index.php\/abenteuerspielplatz\/praktika-und-offene-stellen\/#breadcrumb\",\"itemListElement\":[{\"@type\":\"ListItem\",\"position\":1,\"name\":\"Startseite\",\"item\":\"https:\/\/utopia-muc.de\/\"},{\"@type\":\"ListItem\",\"position\":2,\"name\":\"Unser Abenteuerspielplatz\",\"item\":\"https:\/\/utopia-muc.de\/index.php\/abenteuerspielplatz\/\"},{\"@type\":\"ListItem\",\"position\":3,\"name\":\"Praktika und offene Stellen\"}]},{\"@type\":\"WebSite\",\"@id\":\"https:\/\/utopia-muc.de\/#website\",\"url\":\"https:\/\/utopia-muc.de\/\",\"name\":\"Utopia Ramersdorf | Freizeitst\u00e4tte und Abenteuerspielplatz\",\"description\":\"Vorgestellt wird das Utopia Ramersdorf,  Freizeitst\u00e4tte und Abenteuerspielplatz in M\u00fcnchen-Ramersdorf\",\"potentialAction\":[{\"@type\":\"SearchAction\",\"target\":{\"@type\":\"EntryPoint\",\"urlTemplate\":\"https:\/\/utopia-muc.de\/?s={search_term_string}\"},\"query-input\":{\"@type\":\"PropertyValueSpecification\",\"valueRequired\":true,\"valueName\":\"search_term_string\"}}],\"inLanguage\":\"de\"}]}<\/script>\n<!-- \/ Yoast SEO plugin. -->","yoast_head_json":{"title":"Praktika und offene Stellen - Utopia Ramersdorf | Freizeitst\u00e4tte und Abenteuerspielplatz","robots":{"index":"index","follow":"follow","max-snippet":"max-snippet:-1","max-image-preview":"max-image-preview:large","max-video-preview":"max-video-preview:-1"},"canonical":"https:\/\/utopia-muc.de\/index.php\/abenteuerspielplatz\/praktika-und-offene-stellen\/","og_locale":"de_DE","og_type":"article","og_title":"Praktika und offene Stellen - Utopia Ramersdorf | Freizeitst\u00e4tte und Abenteuerspielplatz","og_description":"Duales Studium Soziale Arbeit (B.A.): Ab dem Wintersemester 2026","og_url":"https:\/\/utopia-muc.de\/index.php\/abenteuerspielplatz\/praktika-und-offene-stellen\/","og_site_name":"Utopia Ramersdorf | Freizeitst\u00e4tte und Abenteuerspielplatz","article_publisher":"https:\/\/www.facebook.com\/UtopiaRamersdorf","article_modified_time":"2026-05-12T09:59:28+00:00","og_image":[{"width":692,"height":943,"url":"https:\/\/utopia-muc.de\/wp-content\/uploads\/2026\/05\/Duales-Studium-1_2.jpg","type":"image\/jpeg"}],"twitter_card":"summary_large_image","twitter_misc":{"Gesch\u00e4tzte Lesezeit":"1\u00a0Minute"},"schema":{"@context":"https:\/\/schema.org","@graph":[{"@type":"WebPage","@id":"https:\/\/utopia-muc.de\/index.php\/abenteuerspielplatz\/praktika-und-offene-stellen\/","url":"https:\/\/utopia-muc.de\/index.php\/abenteuerspielplatz\/praktika-und-offene-stellen\/","name":"Praktika und offene Stellen - Utopia Ramersdorf | Freizeitst\u00e4tte und Abenteuerspielplatz","isPartOf":{"@id":"https:\/\/utopia-muc.de\/#website"},"primaryImageOfPage":{"@id":"https:\/\/utopia-muc.de\/index.php\/abenteuerspielplatz\/praktika-und-offene-stellen\/#primaryimage"},"image":{"@id":"https:\/\/utopia-muc.de\/index.php\/abenteuerspielplatz\/praktika-und-offene-stellen\/#primaryimage"},"thumbnailUrl":"https:\/\/utopia-muc.de\/wp-content\/uploads\/2026\/05\/Duales-Studium-1_2.jpg","datePublished":"2019-03-28T11:05:23+00:00","dateModified":"2026-05-12T09:59:28+00:00","breadcrumb":{"@id":"https:\/\/utopia-muc.de\/index.php\/abenteuerspielplatz\/praktika-und-offene-stellen\/#breadcrumb"},"inLanguage":"de","potentialAction":[{"@type":"ReadAction","target":["https:\/\/utopia-muc.de\/index.php\/abenteuerspielplatz\/praktika-und-offene-stellen\/"]}]},{"@type":"ImageObject","inLanguage":"de","@id":"https:\/\/utopia-muc.de\/index.php\/abenteuerspielplatz\/praktika-und-offene-stellen\/#primaryimage","url":"https:\/\/utopia-muc.de\/wp-content\/uploads\/2026\/05\/Duales-Studium-1_2.jpg","contentUrl":"https:\/\/utopia-muc.de\/wp-content\/uploads\/2026\/05\/Duales-Studium-1_2.jpg","width":692,"height":943},{"@type":"BreadcrumbList","@id":"https:\/\/utopia-muc.de\/index.php\/abenteuerspielplatz\/praktika-und-offene-stellen\/#breadcrumb","itemListElement":[{"@type":"ListItem","position":1,"name":"Startseite","item":"https:\/\/utopia-muc.de\/"},{"@type":"ListItem","position":2,"name":"Unser Abenteuerspielplatz","item":"https:\/\/utopia-muc.de\/index.php\/abenteuerspielplatz\/"},{"@type":"ListItem","position":3,"name":"Praktika und offene Stellen"}]},{"@type":"WebSite","@id":"https:\/\/utopia-muc.de\/#website","url":"https:\/\/utopia-muc.de\/","name":"Utopia Ramersdorf | Freizeitst\u00e4tte und Abenteuerspielplatz","description":"Vorgestellt wird das Utopia Ramersdorf,  Freizeitst\u00e4tte und Abenteuerspielplatz in M\u00fcnchen-Ramersdorf","potentialAction":[{"@type":"SearchAction","target":{"@type":"EntryPoint","urlTemplate":"https:\/\/utopia-muc.de\/?s={search_term_string}"},"query-input":{"@type":"PropertyValueSpecification","valueRequired":true,"valueName":"search_term_string"}}],"inLanguage":"de"}]}},"featured_image_src":null,"featured_image_src_square":null,"_links":{"self":[{"href":"https:\/\/utopia-muc.de\/index.php\/wp-json\/wp\/v2\/pages\/1392","targetHints":{"allow":["GET"]}}],"collection":[{"href":"https:\/\/utopia-muc.de\/index.php\/wp-json\/wp\/v2\/pages"}],"about":[{"href":"https:\/\/utopia-muc.de\/index.php\/wp-json\/wp\/v2\/types\/page"}],"author":[{"embeddable":true,"href":"https:\/\/utopia-muc.de\/index.php\/wp-json\/wp\/v2\/users\/4"}],"replies":[{"embeddable":true,"href":"https:\/\/utopia-muc.de\/index.php\/wp-json\/wp\/v2\/comments?post=1392"}],"version-history":[{"count":21,"href":"https:\/\/utopia-muc.de\/index.php\/wp-json\/wp\/v2\/pages\/1392\/revisions"}],"predecessor-version":[{"id":4438,"href":"https:\/\/utopia-muc.de\/index.php\/wp-json\/wp\/v2\/pages\/1392\/revisions\/4438"}],"up":[{"embeddable":true,"href":"https:\/\/utopia-muc.de\/index.php\/wp-json\/wp\/v2\/pages\/122"}],"wp:attachment":[{"href":"https:\/\/utopia-muc.de\/index.php\/wp-json\/wp\/v2\/media?parent=1392"}],"curies":[{"name":"wp","href":"https:\/\/api.w.org\/{rel}","templated":true}]}}