{"id":139,"date":"2017-04-25T19:41:02","date_gmt":"2017-04-25T17:41:02","guid":{"rendered":"http:\/\/utopia-muc.de\/?page_id=139"},"modified":"2017-08-27T14:51:30","modified_gmt":"2017-08-27T12:51:30","slug":"unsere-angebote","status":"publish","type":"page","link":"https:\/\/utopia-muc.de\/index.php\/abenteuerspielplatz\/unsere-angebote\/","title":{"rendered":"Unsere Angebote"},"content":{"rendered":"<p>Das offene Programm des Abenteuerspielplatz richten sich in erster Linie an Kinder ab dem Schulalter bis einschlie\u00dflich 13 Jahren.<\/p>\n<p>Der Spielplatz kann aber auch w\u00e4hrend und au\u00dferhalb der \u00d6ffnungszeiten f\u00fcr <a href=\"https:\/\/utopia-muc.de\/index.php\/abenteuerspielplatz\/unsere-angebote\/platznutzung\/\">Kinderveranstaltungen<\/a> (z.B. Kindergeburtstag, Klassenfeste,&#8230;) genutzt werden.<\/p>\n<p>In Absprache mit den MitarbeiterInnen des ASP k\u00f6nnen uns auch <a href=\"https:\/\/utopia-muc.de\/index.php\/abenteuerspielplatz\/unsere-angebote\/gruppenbesuche\/\">Gruppen aus p\u00e4dagogischen Einrichtungen<\/a> und Schulen w\u00e4hrend den \u00d6ffnungszeiten besuchen und au\u00dferhalb der \u00d6ffnungszeiten <a href=\"https:\/\/utopia-muc.de\/index.php\/abenteuerspielplatz\/unsere-angebote\/schulkooperationen\/\">spezielle Projekte<\/a> durchgef\u00fchrt werden.<\/p>\n<p>Voraussetzung f\u00fcr alle Besuche des ASP ist, dass die Kinder im Alter der Zielgruppe (Schulalter bis 13 Jahre) des Abenteuerspielplatzes sind.<\/p>\n<p>&nbsp;<\/p>\n<p>&nbsp;<\/p>\n","protected":false},"excerpt":{"rendered":"<p>Das offene Programm des Abenteuerspielplatz richten sich in erster Linie an Kinder ab dem Schulalter bis einschlie\u00dflich 13 Jahren. Der Spielplatz kann aber auch w\u00e4hrend und au\u00dferhalb der \u00d6ffnungszeiten f\u00fcr Kinderveranstaltungen (z.B. Kindergeburtstag, Klassenfeste,&#8230;) genutzt werden. In Absprache mit den MitarbeiterInnen des ASP k\u00f6nnen uns auch Gruppen aus p\u00e4dagogischen Einrichtungen und Schulen w\u00e4hrend den \u00d6ffnungszeiten besuchen und au\u00dferhalb der \u00d6ffnungszeiten spezielle Projekte durchgef\u00fchrt werden. Voraussetzung &hellip; <a href=\"https:\/\/utopia-muc.de\/index.php\/abenteuerspielplatz\/unsere-angebote\/\" class=\"more-link\">Continue reading <span class=\"screen-reader-text\">Unsere Angebote<\/span> <span class=\"meta-nav\">&raquo;<\/span><\/a><\/p>\n","protected":false},"author":4,"featured_media":0,"parent":122,"menu_order":0,"comment_status":"closed","ping_status":"closed","template":"page-templates\/full-width-utopia.php","meta":{"ngg_post_thumbnail":0,"footnotes":""},"class_list":["post-139","page","type-page","status-publish","hentry"],"yoast_head":"<!-- This site is optimized with the Yoast SEO plugin v25.3.1 - https:\/\/yoast.com\/wordpress\/plugins\/seo\/ -->\n<title>Unsere Angebote - Utopia Ramersdorf | Freizeitst\u00e4tte und Abenteuerspielplatz<\/title>\n<meta name=\"robots\" content=\"index, follow, max-snippet:-1, max-image-preview:large, max-video-preview:-1\" \/>\n<link rel=\"canonical\" href=\"https:\/\/utopia-muc.de\/index.php\/abenteuerspielplatz\/unsere-angebote\/\" \/>\n<meta property=\"og:locale\" content=\"de_DE\" \/>\n<meta property=\"og:type\" content=\"article\" \/>\n<meta property=\"og:title\" content=\"Unsere Angebote - Utopia Ramersdorf | Freizeitst\u00e4tte und Abenteuerspielplatz\" \/>\n<meta property=\"og:description\" content=\"Das offene Programm des Abenteuerspielplatz richten sich in erster Linie an Kinder ab dem Schulalter bis einschlie\u00dflich 13 Jahren. Der Spielplatz kann aber auch w\u00e4hrend und au\u00dferhalb der \u00d6ffnungszeiten f\u00fcr Kinderveranstaltungen (z.B. Kindergeburtstag, Klassenfeste,&#8230;) genutzt werden. In Absprache mit den MitarbeiterInnen des ASP k\u00f6nnen uns auch Gruppen aus p\u00e4dagogischen Einrichtungen und Schulen w\u00e4hrend den \u00d6ffnungszeiten besuchen und au\u00dferhalb der \u00d6ffnungszeiten spezielle Projekte durchgef\u00fchrt werden. Voraussetzung &hellip; Continue reading Unsere Angebote &raquo;\" \/>\n<meta property=\"og:url\" content=\"https:\/\/utopia-muc.de\/index.php\/abenteuerspielplatz\/unsere-angebote\/\" \/>\n<meta property=\"og:site_name\" content=\"Utopia Ramersdorf | Freizeitst\u00e4tte und Abenteuerspielplatz\" \/>\n<meta property=\"article:publisher\" content=\"https:\/\/www.facebook.com\/UtopiaRamersdorf\" \/>\n<meta property=\"article:modified_time\" content=\"2017-08-27T12:51:30+00:00\" \/>\n<meta name=\"twitter:card\" content=\"summary_large_image\" \/>\n<script type=\"application\/ld+json\" class=\"yoast-schema-graph\">{\"@context\":\"https:\/\/schema.org\",\"@graph\":[{\"@type\":\"WebPage\",\"@id\":\"https:\/\/utopia-muc.de\/index.php\/abenteuerspielplatz\/unsere-angebote\/\",\"url\":\"https:\/\/utopia-muc.de\/index.php\/abenteuerspielplatz\/unsere-angebote\/\",\"name\":\"Unsere Angebote - Utopia Ramersdorf | Freizeitst\u00e4tte und Abenteuerspielplatz\",\"isPartOf\":{\"@id\":\"https:\/\/utopia-muc.de\/#website\"},\"datePublished\":\"2017-04-25T17:41:02+00:00\",\"dateModified\":\"2017-08-27T12:51:30+00:00\",\"breadcrumb\":{\"@id\":\"https:\/\/utopia-muc.de\/index.php\/abenteuerspielplatz\/unsere-angebote\/#breadcrumb\"},\"inLanguage\":\"de\",\"potentialAction\":[{\"@type\":\"ReadAction\",\"target\":[\"https:\/\/utopia-muc.de\/index.php\/abenteuerspielplatz\/unsere-angebote\/\"]}]},{\"@type\":\"BreadcrumbList\",\"@id\":\"https:\/\/utopia-muc.de\/index.php\/abenteuerspielplatz\/unsere-angebote\/#breadcrumb\",\"itemListElement\":[{\"@type\":\"ListItem\",\"position\":1,\"name\":\"Startseite\",\"item\":\"https:\/\/utopia-muc.de\/\"},{\"@type\":\"ListItem\",\"position\":2,\"name\":\"Unser Abenteuerspielplatz\",\"item\":\"https:\/\/utopia-muc.de\/index.php\/abenteuerspielplatz\/\"},{\"@type\":\"ListItem\",\"position\":3,\"name\":\"Unsere Angebote\"}]},{\"@type\":\"WebSite\",\"@id\":\"https:\/\/utopia-muc.de\/#website\",\"url\":\"https:\/\/utopia-muc.de\/\",\"name\":\"Utopia Ramersdorf | Freizeitst\u00e4tte und Abenteuerspielplatz\",\"description\":\"Vorgestellt wird das Utopia Ramersdorf,  Freizeitst\u00e4tte und Abenteuerspielplatz in M\u00fcnchen-Ramersdorf\",\"potentialAction\":[{\"@type\":\"SearchAction\",\"target\":{\"@type\":\"EntryPoint\",\"urlTemplate\":\"https:\/\/utopia-muc.de\/?s={search_term_string}\"},\"query-input\":{\"@type\":\"PropertyValueSpecification\",\"valueRequired\":true,\"valueName\":\"search_term_string\"}}],\"inLanguage\":\"de\"}]}<\/script>\n<!-- \/ Yoast SEO plugin. -->","yoast_head_json":{"title":"Unsere Angebote - Utopia Ramersdorf | Freizeitst\u00e4tte und Abenteuerspielplatz","robots":{"index":"index","follow":"follow","max-snippet":"max-snippet:-1","max-image-preview":"max-image-preview:large","max-video-preview":"max-video-preview:-1"},"canonical":"https:\/\/utopia-muc.de\/index.php\/abenteuerspielplatz\/unsere-angebote\/","og_locale":"de_DE","og_type":"article","og_title":"Unsere Angebote - Utopia Ramersdorf | Freizeitst\u00e4tte und Abenteuerspielplatz","og_description":"Das offene Programm des Abenteuerspielplatz richten sich in erster Linie an Kinder ab dem Schulalter bis einschlie\u00dflich 13 Jahren. Der Spielplatz kann aber auch w\u00e4hrend und au\u00dferhalb der \u00d6ffnungszeiten f\u00fcr Kinderveranstaltungen (z.B. Kindergeburtstag, Klassenfeste,&#8230;) genutzt werden. In Absprache mit den MitarbeiterInnen des ASP k\u00f6nnen uns auch Gruppen aus p\u00e4dagogischen Einrichtungen und Schulen w\u00e4hrend den \u00d6ffnungszeiten besuchen und au\u00dferhalb der \u00d6ffnungszeiten spezielle Projekte durchgef\u00fchrt werden. Voraussetzung &hellip; Continue reading Unsere Angebote &raquo;","og_url":"https:\/\/utopia-muc.de\/index.php\/abenteuerspielplatz\/unsere-angebote\/","og_site_name":"Utopia Ramersdorf | Freizeitst\u00e4tte und Abenteuerspielplatz","article_publisher":"https:\/\/www.facebook.com\/UtopiaRamersdorf","article_modified_time":"2017-08-27T12:51:30+00:00","twitter_card":"summary_large_image","schema":{"@context":"https:\/\/schema.org","@graph":[{"@type":"WebPage","@id":"https:\/\/utopia-muc.de\/index.php\/abenteuerspielplatz\/unsere-angebote\/","url":"https:\/\/utopia-muc.de\/index.php\/abenteuerspielplatz\/unsere-angebote\/","name":"Unsere Angebote - Utopia Ramersdorf | Freizeitst\u00e4tte und Abenteuerspielplatz","isPartOf":{"@id":"https:\/\/utopia-muc.de\/#website"},"datePublished":"2017-04-25T17:41:02+00:00","dateModified":"2017-08-27T12:51:30+00:00","breadcrumb":{"@id":"https:\/\/utopia-muc.de\/index.php\/abenteuerspielplatz\/unsere-angebote\/#breadcrumb"},"inLanguage":"de","potentialAction":[{"@type":"ReadAction","target":["https:\/\/utopia-muc.de\/index.php\/abenteuerspielplatz\/unsere-angebote\/"]}]},{"@type":"BreadcrumbList","@id":"https:\/\/utopia-muc.de\/index.php\/abenteuerspielplatz\/unsere-angebote\/#breadcrumb","itemListElement":[{"@type":"ListItem","position":1,"name":"Startseite","item":"https:\/\/utopia-muc.de\/"},{"@type":"ListItem","position":2,"name":"Unser Abenteuerspielplatz","item":"https:\/\/utopia-muc.de\/index.php\/abenteuerspielplatz\/"},{"@type":"ListItem","position":3,"name":"Unsere Angebote"}]},{"@type":"WebSite","@id":"https:\/\/utopia-muc.de\/#website","url":"https:\/\/utopia-muc.de\/","name":"Utopia Ramersdorf | Freizeitst\u00e4tte und Abenteuerspielplatz","description":"Vorgestellt wird das Utopia Ramersdorf,  Freizeitst\u00e4tte und Abenteuerspielplatz in M\u00fcnchen-Ramersdorf","potentialAction":[{"@type":"SearchAction","target":{"@type":"EntryPoint","urlTemplate":"https:\/\/utopia-muc.de\/?s={search_term_string}"},"query-input":{"@type":"PropertyValueSpecification","valueRequired":true,"valueName":"search_term_string"}}],"inLanguage":"de"}]}},"featured_image_src":null,"featured_image_src_square":null,"_links":{"self":[{"href":"https:\/\/utopia-muc.de\/index.php\/wp-json\/wp\/v2\/pages\/139","targetHints":{"allow":["GET"]}}],"collection":[{"href":"https:\/\/utopia-muc.de\/index.php\/wp-json\/wp\/v2\/pages"}],"about":[{"href":"https:\/\/utopia-muc.de\/index.php\/wp-json\/wp\/v2\/types\/page"}],"author":[{"embeddable":true,"href":"https:\/\/utopia-muc.de\/index.php\/wp-json\/wp\/v2\/users\/4"}],"replies":[{"embeddable":true,"href":"https:\/\/utopia-muc.de\/index.php\/wp-json\/wp\/v2\/comments?post=139"}],"version-history":[{"count":8,"href":"https:\/\/utopia-muc.de\/index.php\/wp-json\/wp\/v2\/pages\/139\/revisions"}],"predecessor-version":[{"id":457,"href":"https:\/\/utopia-muc.de\/index.php\/wp-json\/wp\/v2\/pages\/139\/revisions\/457"}],"up":[{"embeddable":true,"href":"https:\/\/utopia-muc.de\/index.php\/wp-json\/wp\/v2\/pages\/122"}],"wp:attachment":[{"href":"https:\/\/utopia-muc.de\/index.php\/wp-json\/wp\/v2\/media?parent=139"}],"curies":[{"name":"wp","href":"https:\/\/api.w.org\/{rel}","templated":true}]}}